29?
1
What is the units digit of 5774708940?
0
What is the millions digit of 59406440?
9
What is the ten millions digit of 117480640?
1
What is the hundreds digit of 290515403?
4
What is the ten thousands digit of 903374725?
7
What is the tens digit of 281587211?
1
What is the millions digit of 371564155?
1
What is the ten millions digit of 6485808600?
8
What is the tens digit of 49730567?
6
What is the tens digit of 1059126623?
2
What is the hundred millions digit of 142462041?
1
What is the hundred millions digit of 2030373173?
0
What is the millions digit of 26629443?
6
What is the tens digit of 29956466?
6
What is the ten thousands digit of 50096793?
9
What is the units digit of 2142446949?
9
What is the hundreds digit of 374023374?
3
What is the hundreds digit of 195344189?
1
What is the units digit of 111734646?
6
What is the hundred thousands digit of 71083577?
0
What is the ten thousands digit of 91375335?
7
What is the units digit of 54418006?
6
What is the ten millions digit of 1624226548?
2
What is the thousands digit of 406020931?
0
What is the hundred millions digit of 778316570?
7
What is the thousands digit of 302343360?
3
What is the thousands digit of 465256128?
6
What is the units digit of 3574362274?
4
What is the hundred thousands digit of 1171182325?
1
What is the millions digit of 211167381?
1
What is the hundreds digit of 387400520?
5
What is the thousands digit of 3614882003?
2
What is the hundreds digit of 1545180241?
2
What is the hundreds digit of 29579304?
3
What is the billions digit of 1624606654?
1
What is the units digit of 3202170001?
1
What is the hundred thousands digit of 394942870?
9
What is the hundred millions digit of 123353438?
1
What is the hundreds digit of 48627723?
7
What is the ten thousands digit of 31837525?
3
What is the millions digit of 42141094?
2
What is the thousands digit of 1197158377?
8
What is the millions digit of 35357621?
5
What is the hundred thousands digit of 108908785?
9
What is the ten millions digit of 15319235?
1
What is the units digit of 30130238?
8
What is the ten millions digit of 1065970570?
6
What is the thousands digit of 532716109?
6
What is the units digit of 390653304?
4
What is the tens digit of 78511719?
1
What is the units digit of 85176101?
1
What is the hundreds digit of 426494770?
7
What is the tens digit of 71036239?
3
What is the tens digit of 3623047891?
9
What is the hundred thousands digit of 67551863?
5
What is the ten thousands digit of 819800205?
0
What is the tens digit of 792106792?
9
What is the thousands digit of 4085974454?
4
What is the millions digit of 1235602743?
5
What is the hundred millions digit of 1190433151?
1
What is the hundred thousands digit of 61146443?
1
What is the ten thousands digit of 1689747631?
4
What is the ten thousands digit of 39133481?
3
What is the hundred millions digit of 1164890968?
1
What is the hundreds digit of 3088377773?
7
What is the millions digit of 1215104035?
5
What is the thousands digit of 274369213?
9
What is the units digit of 21833830?
0
What is the units digit of 759427472?
2
What is the hundreds digit of 198312027?
0
What is the hundreds digit of 46191289?
2
What is the hundred thousands digit of 419337236?
3
What is the ten millions digit of 561642823?
6
What is the ten thousands digit of 208100304?
0
What is the units digit of 1145828482?
2
What is the millions digit of 51426318?
1
What is the hundreds digit of 112212817?
8
What is the units digit of 310822049?
9
What is the millions digit of 28753386?
8
What is the hundreds digit of 24325369?
3
What is the ten millions digit of 10399984?
1
What is the ten thousands digit of 292352886?
5
What is the thousands digit of 5833384?
3
What is the millions digit of 83726870?
3
What is the ten thousands digit of 1472056467?
5
What is the thousands digit of 135807324?
7
What is the hundreds digit of 383117315?
3
What is the hundred millions digit of 2387499670?
3
What is the millions digit of 556814458?
6
What is the billions digit of 1431618723?
1
What is the ten thousands digit of 1030182765?
8
What is the hundreds digit of 1324360582?
5
What is the ten millions digit of 3772490923?
7
What is the ten thousands digit of 443980579?
8
What is the units digit of 35806526?
6
What is the ten millions digit of 436820324?
3
What is the hundreds digit of 201658942?
9
What is the ten millions digit of 231272100?
3
What is the hundred thousands digit of 1577156271?
1
What is the ten millions digit of 2346199168?
4
What is the millions digit of 17957518?
7
What is the thousands digit of 888691992?
1
What is the hundred thousands digit of 599142106?
1
What is the millions digit of 100535850?
0
What is the millions digit of 111104135?
1
What is the millions digit of 1359396616?
9
What is the thousands digit of 300788963?
8
What is the hundreds digit of 34124065?
0
What is the hundred millions digit of 370012193?
3
What is the units digit of 259186627?
7
What is the thousands digit of 45779013?
9
What is the hundred millions digit of 2198905805?
1
What is the hundreds digit of 44050034?
0
What is the hundreds digit of 246369791?
7
What is the units digit of 122391516?
6
What is the ten millions digit of 567746903?
6
What is the hundred thousands digit of 3353471517?
4
What is the ten millions digit of 423875060?
2
What is the millions digit of 129465571?
9
What is the millions digit of 2704105025?
4
What is the thousands digit of 911241544?
1
What is the ten thousands digit of 84973699?
7
What is the ten millions digit of 1432503408?
3
What is the millions digit of 600148536?
0
What is the hundred millions digit of 2431616771?
4
What is the ten thousands digit of 21716440?
1
What is the ten millions digit of 628909798?
2
What is the units digit of 92507209?
9
What is the tens digit of 65997113?
1
What is the millions digit of 508516844?
8
What is the tens digit of 89092927?
2
What is the thousands digit of 474807338?
7
What is the hundred thousands digit of 441340016?
3
What is the tens digit of 15706037?
3
What is the hundreds digit of 634604532?
5
What is the ten millions digit of 896598847?
9
What is the units digit of 224863388?
8
What is the ten thousands digit of 4586396978?
9
What is the hundred thousands digit of 21184187?
1
What is the hundred millions digit of 293425592?
2
What is the ten thousands digit of 385747478?
4
What is the ten millions digit of 157577712?
5
What is the thousands digit of 107533285?
3
What is the units digit of 4776383239?
9
What is the ten millions digit of 3383434588?
8
What is the units digit of 2196410?
0
What is the hundred millions digit of 2385073278?
3
What is the units digit of 522734820?
0
What is the ten thousands digit of 946683760?
8
What is the ten millions digit of 183584839?
8
What is the ten millions digit of 373408980?
7
What is the thousands digit of 100500293?
0
What is the hundred millions digit of 120092009?
1
What is the units digit of 43454159?
9
What is the hundreds digit of 57321209?
2
What is the thousands digit of 228136209?
6
What is the ten thousands digit of 76319629?
1
What is the units digit of 74777427?
7
What is the units digit of 33082384?
4
What is the millions digit of 3694081683?
4
What is the hundreds digit of 37727222?
2
What is the ten millions digit of 6937660684?
3
What is the hundreds digit of 474610830?
8
What is the tens digit of 645119488?
8
What is the ten thousands digit of 102364347?
6
What is the millions digit of 15839924?
5
What is the tens digit of 145429718?
1
What is the hundreds digit of 253077558?
5
What is the ten thousands digit of 42572152?
7
What is the units digit of 62754271?
1
What is the units digit of 335091326?
6
What is the hundred thousands digit of 5444641102?
6
What is the hundreds digit of 215304613?
6
What is the hundred millions digit of 135663031?
1
What is the ten thousands digit of 11281496?
8
What is the thousands digit of 486589425?
9
What is the hundred thousands digit of 33864055?
8
What is the units digit of 57732727?
7
What is the hundred millions digit of 115584783?
1
What is the tens digit of 46351110?
1
What is the hundred millions digit of 154824810?
1
What is the tens digit of 48673618?
1
What is the millions digit of 379730479?
9
What is the 